alse
Is 797334959 a prime number?
True
Is 17384423923 a composite number?
False
Is 13407211 a composite number?
True
Is 823831399 composite?
False
Is 16359097687 prime?
True
Is 736318567 prime?
True
Is 2433417929 a composite number?
False
Is 35773022881 a prime number?
True
Is 1461107 a prime number?
False
Is 547550681 a composite number?
True
Is 245719133 composite?
True
Is 13137917201 a composite number?
True
Is 217416737 composite?
False
Is 614535401 a composite number?
False
Is 27292356479 a composite number?
False
Is 197679379 a prime number?
False
Is 9942167182 prime?
False
Is 64732685421 a composite number?
True
Is 26434716647 composite?
False
Is 3159895331 a composite number?
True
Is 27432829 a prime number?
False
Is 37141813351 a prime number?
True
Is 106053917 composite?
False
Is 923263845931 composite?
True
Is 88396235839 a composite number?
True
Is 642302813 prime?
False
Is 7687229957 prime?
False
Is 20568533 a composite number?
False
Is 9026598887 a prime number?
True
Is 764957153 composite?
False
Is 6057824401 a prime number?
True
Is 3578508799 a prime number?
True
Is 3128023961 composite?
False
Is 17320386067 a composite number?
True
Is 4456689499 composite?
False
Is 24231223 a prime number?
False
Is 640331903 a prime number?
False
Is 1433532337 a composite number?
False
Is 5131762529 prime?
False
Is 6007978439 composite?
False
Is 115439039 prime?
True
Is 7186017497 prime?
False
Is 2227949201 prime?
True
Is 941095573 composite?
True
Is 450367369 a composite number?
False
Is 656987173 composite?
False
Is 3461710333 prime?
True
Is 77871124417 composite?
True
Is 34694267 a composite number?
False
Is 2347834399 a prime number?
True
Is 27206348423 a prime number?
False
Is 2050508171 a composite number?
True
Is 834534023 prime?
False
Is 403544917 prime?
False
Is 16882657663 a composite number?
False
Is 3134429327 a composite number?
False
Is 7199519 a composite number?
False
Is 1558029059 prime?
True
Is 901683239 composite?
False
Is 25208429023 a prime number?
True
Is 30407853907 a composite number?
False
Is 59857981 composite?
False
Is 120589067071 composite?
True
Is 40514566121 composite?
True
Is 38041483969 prime?
True
Is 29448836297 a composite number?
False
Is 14338397467 composite?
False
Is 20631432399 a prime number?
False
Is 168130033 a composite number?
False
Is 1945742039 a composite number?
True
Is 688883053 composite?
False
Is 120663310771 a composite number?
True
Is 5592966209 a prime number?
True
Is 8580669787 a composite number?
True
Is 582676818823 prime?
False
Is 2924301511 a composite number?
False
Is 4152460997 composite?
False
Is 530406913 prime?
True
Is 6338567461 composite?
False
Is 2645229967 prime?
True
Is 95757887 prime?
False
Is 2017073 a prime number?
True
Is 35717768923 composite?
False
Is 870897089 a composite number?
False
Is 1258693603 composite?
False
Is 15761417957 prime?
False
Is 311132191 composite?
False
Is 4337633477 a prime number?
True
Is 1706558909 prime?
False
Is 439389833 prime?
False
Is 8891556229 composite?
True
Is 1485233677 prime?
True
Is 3866808091 a composite number?
False
Is 3464894753 composite?
True
Is 71731159091 a prime number?
True
Is 7948600837 a composite number?
False
Is 44530425113 a prime number?
True
Is 287521579 composite?
True
Is 1295830631 prime?
True
Is 88952441731 a prime number?
True
Is 1902473857 composite?
True
Is 293946529 a prime number?
False
Is 29542751653 prime?
False
Is 4570701227 prime?
False
Is 76681825001 prime?
True
Is 204767633883 prime?
False
Is 3389540977 prime?
True
Is 4677073718 composite?
True
Is 24350627 composite?
True
Is 5003637403 composite?
True
Is 3140668057 composite?
True
Is 158454397 a prime number?
False
Is 17611267 prime?
True
Is 42599019 composite?
True
Is 22941330941 a composite number?
False
Is 1240216727 prime?
False
Is 3188561611 prime?
True
Is 25389168499 prime?
False
Is 2431745047 prime?
False
Is 106540909 a composite number?
False
Is 4874629547 prime?
True
Is 2946718933 prime?
True
Is 3494206358 a prime number?
False
Is 122413318031 prime?
True
Is 9051137989 a prime number?
True
Is 14438915173 prime?
True
Is 2237729189 composite?
False
Is 6779636443 a prime number?
False
Is 6118255981 prime?
False
Is 2340547442 a prime number?
False
Is 226832135 a composite number?
True
Is 774701654 composite?
True
Is 134114874421 a composite number?
True
Is 23220584771 a composite number?
False
Is 206013094477 composite?
True
Is 83836553033 composite?
True
Is 17328022067 prime?
True
Is 1263565141 composite?
False
Is 21516172369 composite?
False
Is 6145634479 composite?
False
Is 29517766513 composite?
True
Is 11460560789 prime?
True
Is 276430213 prime?
False
Is 2969250899 a composite number?
False
Is 23339378477 a prime number?
True
Is 596922451 composite?
True
Is 327818753 a composite number?
False
Is 2259468933 a prime number?
False
Is 5405953639 a prime number?
True
Is 31603951937 a composite number?
True
Is 687947233 prime?
False
Is 27229844497 composite?
False
Is 321813743 a composite number?
False
Is 3016739129 a composite number?
False
Is 595941263 a composite number?
False
Is 216090499 a composite number?
False
Is 27655429 prime?
True
Is 49617791602 composite?
True
Is 12033416653 a composite number?
False
Is 5607926531 prime?
True
Is 2272278893 a composite number?
True
Is 46121589587 composite?
False
Is 9196812479 composite?
True
Is 117624158851 a prime number?
True
Is 709614787 prime?
False
Is 106146444549 a composite number?
True
Is 9504991 a composite number?
False
Is 1665068257 prime?
True
Is 7437844061 composite?
False
Is 9611237347 composite?
False
Is 2031015907 prime?
True
Is 84684815 prime?
False
Is 3938250851 a composite number?
True
Is 292025809 composite?
True
Is 56026279006 composite?
True
Is 2052971681 prime?
False
Is 22808749283 prime?
True
Is 21357773 a composite number?
False
Is 17148437653 a prime number?
False
Is 5008556129 a prime number?
True
Is 419051843 prime?
False
Is 41325809 a prime number?
False
Is 779297539 composite?
False
Is 1921542253 prime?
False
Is 348565513 a prime number?
True
Is 70175519833 a prime number?
True
Is 25992428131 prime?
True
Is 21239476894 composite?
True
Is 5491487437 composite?
True
Is 525302969 a prime number?
True
Is 39335783 a prime number?
True
Is 3008243447 a prime number?
False
Is 62197151 composite?
True
Is 420276749 composite?
True
Is 29481308369 prime?
True
Is 15646892467 a composite number?
True
Is 249256781 a prime number?
False
Is 5062654663 prime?
False
Is 187357883 a composite number?
True
Is 273200651 a composite number?
False
Is 12805462597 prime?
False
Is 207825630991 prime?
False
Is 1350537319 a prime number?
False
Is 14761113317 composite?
False
Is 4512814909 a composite number?
False
Is 1474920313 a composite number?
False
Is 165971960149 prime?
False
Is 12514075163 a prime number?
True
Is 216213587 composite?
True
Is 37046855471 prime?
False
Is 21972764521 a composite number?
True
Is 19015769623 a composite number?
False
Is 26947654729 prime?
False
Is 935009099 a prime number?
True
Is 291085663403 prime?
False
Is 3482177267 prime?
True
Is 7132646705 a prime number?
False
Is 4721645633 a composite number?
True
Is 791429161 a composite number?
False
Is 544759709 composite?
True
Is 4216601447 prime?
True
Is 28971622721 composite?
False
Is 167865871 a composite number?
True
Is 44730383773 composite?
False
Is 178143411449 composite?
False
Is 13329828907 composite?
True
Is 799486327 a composite number?
True
Is 10191462893 a prime number?
True
Is 7718471641 composite?
False
Is 676270307 prime?
False
Is 3686504261 a composite number?
True
Is 445135759 composite?
False
Is 10253278181 a prime number?
False
Is 11015720179 a composite number?
True
Is 2008123483 composite?
False
Is 19185397123 a prime number?
False
Is 76395084443 a prime number?
True
Is 384815087 composite?
False
Is 10955619809 prime?
True
Is 679913851 composite?
False
Is 52415819 a prime number?
False
Is 481531031 a composite number?
False
Is 3328359539 a prime number?
True
Is 1833973771 a composite number?
True
Is 60325781 prime?
True
Is 365449789 prime?
True
Is 25176353086 prime?
False
Is 9024020413 a prime number?
False
Is 25800302657 prime?
True
Is 668042131 composite?
True
Is 788861397 composite?
True
Is 341